r of 2318 and 190?
38
What is the highest common divisor of 74 and 20128?
74
What is the highest common factor of 75 and 25?
25
What is the greatest common divisor of 11 and 363?
11
Calculate the greatest common divisor of 144 and 99.
9
Calculate the greatest common divisor of 170 and 15.
5
Calculate the highest common divisor of 3870 and 270.
90
Calculate the greatest common divisor of 35 and 195.
5
What is the highest common divisor of 3382 and 57?
19
Calculate the greatest common divisor of 1147 and 74.
37
Calculate the highest common divisor of 87 and 2117.
29
Calculate the highest common divisor of 3551 and 67.
67
What is the highest common divisor of 385 and 220?
55
What is the greatest common divisor of 101 and 7979?
101
What is the highest common divisor of 1566 and 126?
18
Calculate the greatest common divisor of 56 and 2772.
28
What is the greatest common factor of 369 and 81?
9
Calculate the highest common divisor of 51 and 3587.
17
Calculate the highest common divisor of 14 and 3563.
7
Calculate the highest common factor of 46 and 82.
2
What is the highest common factor of 407 and 37?
37
What is the highest common divisor of 17 and 5627?
17
Calculate the highest common divisor of 6 and 39.
3
Calculate the greatest common divisor of 54 and 2322.
54
What is the greatest common divisor of 77 and 77?
77
What is the greatest common factor of 141 and 21?
3
What is the greatest common divisor of 98 and 2898?
14
What is the highest common divisor of 261 and 2001?
87
What is the greatest common factor of 69 and 12?
3
Calculate the highest common divisor of 32 and 36.
4
What is the highest common divisor of 68 and 26622?
34
Calculate the highest common divisor of 360 and 45.
45
Calculate the highest common divisor of 955 and 4393.
191
What is the greatest common factor of 57 and 2451?
57
Calculate the greatest common divisor of 2056 and 2313.
257
What is the highest common factor of 49 and 287?
7
What is the greatest common divisor of 297 and 5481?
27
What is the greatest common divisor of 19192 and 8?
8
What is the greatest common divisor of 376 and 22936?
376
What is the greatest common divisor of 6 and 978?
6
Calculate the greatest common divisor of 165 and 9.
3
What is the greatest common divisor of 172 and 731?
43
What is the greatest common factor of 144 and 96?
48
What is the highest common factor of 294 and 42?
42
What is the greatest common factor of 234 and 25506?
234
Calculate the highest common factor of 12 and 12.
12
Calculate the greatest common factor of 4400 and 33.
11
Calculate the greatest common factor of 22 and 22.
22
What is the highest common divisor of 2187 and 9?
9
What is the highest common factor of 833 and 17?
17
Calculate the highest common factor of 1435 and 1025.
205
Calculate the highest common divisor of 24 and 5592.
24
What is the greatest common divisor of 38 and 342?
38
What is the greatest common factor of 126 and 2156?
14
Calculate the greatest common divisor of 3193 and 124.
31
Calculate the greatest common divisor of 132 and 1012.
44
What is the highest common divisor of 441 and 49?
49
What is the highest common factor of 304 and 95?
19
Calculate the greatest common factor of 42 and 2121.
21
What is the highest common factor of 80 and 48?
16
Calculate the highest common factor of 34 and 1530.
34
Calculate the highest common divisor of 20 and 250.
10
What is the greatest common factor of 55 and 12496?
11
What is the greatest common factor of 11 and 2981?
11
Calculate the greatest common divisor of 1024 and 224.
32
Calculate the highest common factor of 98 and 1694.
14
Calculate the greatest common factor of 426 and 18.
6
Calculate the greatest common factor of 343 and 98.
49
What is the greatest common factor of 42 and 1750?
14
What is the greatest common factor of 35 and 3430?
35
Calculate the greatest common factor of 6 and 438.
6
What is the highest common divisor of 32 and 36?
4
Calculate the highest common factor of 110 and 11.
11
What is the highest common factor of 2 and 178?
2
What is the highest common divisor of 13578 and 93?
93
What is the greatest common factor of 6 and 6?
6
What is the greatest common factor of 18 and 9846?
18
What is the highest common factor of 3990 and 60?
30
What is the greatest common factor of 352 and 110?
22
What is the greatest common divisor of 13247 and 52?
13
What is the greatest common divisor of 28 and 20?
4
What is the greatest common divisor of 56 and 1192?
8
Calculate the highest common factor of 1288 and 23.
23
What is the highest common factor of 6 and 46152?
6
Calculate the greatest common divisor of 80 and 32.
16
What is the highest common factor of 33291 and 27?
27
Calculate the greatest common divisor of 17 and 27948.
17
What is the greatest common factor of 2300 and 8510?
230
Calculate the greatest common factor of 8820 and 225.
45
What is the greatest common factor of 2691 and 117?
117
What is the highest common factor of 171 and 19?
19
Calculate the greatest common factor of 10 and 24505.
5
Calculate the highest common factor of 6031 and 37.
37
Calculate the highest common divisor of 87 and 12.
3
Calculate the greatest common factor of 55 and 55.
55
What is the highest common divisor of 258 and 301?
43
What is the highest common factor of 336 and 144?
48
What is the highest common factor of 306 and 117?
9
What is the greatest common divisor of 75 and 105?
15
What is the greatest common divisor of 76 and 16?
4
Calculate the highest common factor of 1456 and 3024.
112
Calculate the greatest common factor of 13 and 28.
1
Calculate the highest common factor of 48 and 708.
12
Calculate the greatest common factor of 2188 and 4.
4
What is the highest common divisor of 4 and 236?
4
What is the highest common factor of 24 and 414?
6
What is the highest common factor of 7905 and 255?
255
Calculate the highest common factor of 26 and 5317.
13
Calculate the greatest common factor of 84 and 4704.
84
Calculate the greatest common divisor of 2408 and 112.
56
Calculate the highest common factor of 24 and 744.
24
What is the greatest common divisor of 357 and 21?
21
Calculate the greatest common factor of 21731 and 31.
31
What is the highest common factor of 176 and 33?
11
Calculate the highest common divisor of 168 and 46.
2
Calculate the greatest common divisor of 28 and 100.
4
What is the greatest common divisor of 46665 and 45?
45
Calculate the highest common factor of 12 and 255.
3
Calculate the highest common factor of 400 and 72.
8
What is the highest common divisor of 2006 and 476?
34
Calculate the highest common factor of 24 and 332.
4
Calculate the highest common factor of 59 and 1003.
59
Calculate the highest common divisor of 10 and 9.
1
What is the greatest common divisor of 21 and 651?
21
What is the greatest common divisor of 3580 and 80?
20
Calculate the greatest common factor of 880 and 550.
110
Calculate the greatest common divisor of 90 and 610.
10
Calculate the greatest common factor of 18342 and 90.
18
What is the highest common divisor of 105 and 24105?
15
Calculate the highest common factor of 144 and 976.
16
What is the highest common divisor of 143 and 55?
11
Calculate the greatest common factor of 702 and 182.
26
What is the highest common divisor of 603 and 18?
9
Calculate the greatest common divisor of 568 and 8.
8
What is the highest common factor of 118 and 1711?
59
Calculate the highest common factor of 1095 and 75.
15
What is the greatest common divisor of 9 and 72?
9
What is the greatest common factor of 10 and 4390?
10
Calculate the greatest common divisor of 450 and 126.
18
Calculate the highest common divisor of 1160 and 328.
8
What is the highest common divisor of 500 and 20?
20
Calculate the highest common divisor of 1100 and 286.
22
What is the highest common factor of 770 and 28?
14
Calculate the highest common divisor of 255 and 30.
15
Calculate the greatest common factor of 414 and 26.
2
Calculate the highest common divisor of 75 and 150.
75
Calculate the greatest common factor of 32 and 496.
16
Calculate the greatest common factor of 572 and 208.
52
Calculate the highest common divisor of 774 and 27.
9
What is the greatest common factor of 552 and 12?
12
Calculate the greatest common divisor of 47 and 1081.
47
What is t